{"id":10,"date":"2024-05-08T18:09:54","date_gmt":"2024-05-08T16:09:54","guid":{"rendered":"https:\/\/dorianerosset.wordpress.com\/?page_id=10"},"modified":"2026-04-29T14:14:40","modified_gmt":"2026-04-29T12:14:40","slug":"contact","status":"publish","type":"page","link":"https:\/\/www.photogare.ch\/index.php\/contact\/","title":{"rendered":"Contact"},"content":{"rendered":"\n<div class=\"wp-block-group alignfull is-layout-flow wp-block-group-is-layout-flow\" style=\"margin-top:0;margin-bottom:0;padding-top:calc( 0.5 * var(--wp--style--root--padding-right, var(--wp--custom--gap--horizontal)));padding-right:var(--wp--style--root--padding-right, var(--wp--custom--gap--horizontal));padding-bottom:calc( 0.5 * var(--wp--style--root--padding-right, var(--wp--custom--gap--horizontal)));padding-left:var(--wp--style--root--padding-left, var(--wp--custom--gap--horizontal))\">\n<div class=\"wp-block-columns is-layout-flex wp-container-core-columns-is-layout-28f84493 wp-block-columns-is-layout-flex\">\n<div class=\"wp-block-column is-vertically-aligned-center has-small-font-size is-layout-flow wp-container-core-column-is-layout-1eb62351 wp-block-column-is-layout-flow\" style=\"padding-right:var(--wp--preset--spacing--50);padding-left:var(--wp--preset--spacing--50);flex-basis:40%\">\n<figure class=\"wp-block-image aligncenter size-full\"><img fetchpriority=\"high\" decoding=\"async\" width=\"1301\" height=\"1963\" src=\"https:\/\/www.photogare.ch\/wp-content\/uploads\/2026\/04\/Yves-Burdet.png\" alt=\"\" class=\"wp-image-791\" style=\"object-fit:cover\" srcset=\"https:\/\/www.photogare.ch\/wp-content\/uploads\/2026\/04\/Yves-Burdet.png 1301w, https:\/\/www.photogare.ch\/wp-content\/uploads\/2026\/04\/Yves-Burdet-199x300.png 199w, https:\/\/www.photogare.ch\/wp-content\/uploads\/2026\/04\/Yves-Burdet-679x1024.png 679w, https:\/\/www.photogare.ch\/wp-content\/uploads\/2026\/04\/Yves-Burdet-768x1159.png 768w, https:\/\/www.photogare.ch\/wp-content\/uploads\/2026\/04\/Yves-Burdet-1018x1536.png 1018w\" sizes=\"(max-width: 1301px) 100vw, 1301px\" \/><\/figure>\n<\/div>\n\n\n\n<div class=\"wp-block-column is-vertically-aligned-top is-content-justification-left is-layout-constrained wp-container-core-column-is-layout-12dd3699 wp-block-column-is-layout-constrained\" style=\"flex-basis:60%\">\n<p style=\"font-size:0.9rem\">Yves Burdet est n\u00e9 le 4 septembre 1959.<br><br>Il d\u00e9couvre la photographie \u00e0 l&rsquo;\u00e2ge de 10 ans gr\u00e2ce \u00e0 un petit Pocket Kodak. Fascin\u00e9 par la magie de l&rsquo;image inscrite avec la lumi\u00e8re, il veut en savoir plus, il veut progresser dans la connaissance de ce moyen d&rsquo;expression. Un jour, en fouillant \u00e0 la cave, il d\u00e9couvre un vieux Rolleiflex et un laboratoire noir-blanc que son p\u00e8re avait mis au rancart. D\u00e9j\u00e0 bricoleur dans l&rsquo;\u00e2me, il r\u00e9cup\u00e8re, d\u00e9poussi\u00e8re, remet en \u00e9tat tout \u00e7a et investi la salle de bains familiale pour d\u00e9velopper ses photos. C&rsquo;est la naissance d&rsquo;une vocation et le d\u00e9but d&rsquo;une riche et longue carri\u00e8re professionnelle. Quelques ann\u00e9es plus tard, il rencontre le photographe Oscar Strimer, \u00e9tabli \u00e0 la rue de la Gare, \u00e0 Morges. C&rsquo;est lui qui expliquera \u00e0 Yves toutes les ficelles du m\u00e9tier. A cette \u00e9poque, on fabriquait soi-m\u00eame son r\u00e9v\u00e9lateur et son fixateur. Apr\u00e8s quelques ann\u00e9es de collaboration avec M. Strimer et une formation dans une \u00e9cole \u00e0 Munich, Yves reprend l&rsquo;entreprise en 1982 qui s&rsquo;appellera d\u00e9sormais Photo Gare. Et voici plus de 40 ans qu&rsquo;il est LE photographe de Morges !<br><br>Il a bien s\u00fbr suivi l&rsquo;\u00e9volution des techniques et pass\u00e9 \u00e0 la couleur argentique, puis aujourd&rsquo;hui au monde de l&rsquo;informatique, mais il lui arrive encore souvent de travailler avec les anciens proc\u00e9d\u00e9s. Yves Burdet est aussi formateur et expert responsable aux examens de fin d&rsquo;apprentissage pour les sp\u00e9cialistes en photographie. Il est \u00e9galement charg\u00e9 de cours Photoshop \u00e0 l&rsquo;Ecole de photographie de Vevey.<br>Photographe pour le th\u00e9\u00e2tre de Beausobre \u00e0 Morges<\/p>\n\n\n\n<p style=\"font-size:0.9rem\">&nbsp;&nbsp;&nbsp;&nbsp;&nbsp;&nbsp;&nbsp;&nbsp;&nbsp;&nbsp;&nbsp;&nbsp;&nbsp;&nbsp;&nbsp;&nbsp;&nbsp;&nbsp;&nbsp;&nbsp;&nbsp;&nbsp;&nbsp;&nbsp;&nbsp;&nbsp;&nbsp;&nbsp;&nbsp;&nbsp;&nbsp;&nbsp;&nbsp;&nbsp;&nbsp;&nbsp;&nbsp;&nbsp;&nbsp;&nbsp;&nbsp;&nbsp;&nbsp;&nbsp;&nbsp;&nbsp;&nbsp;&nbsp;&nbsp;&nbsp;&nbsp;&nbsp;&nbsp;&nbsp;&nbsp;&nbsp;&nbsp;&nbsp;&nbsp;&nbsp;&nbsp;&nbsp;&nbsp;&nbsp;&nbsp;&nbsp;&nbsp;&nbsp;&nbsp;&nbsp;&nbsp;&nbsp;&nbsp;&nbsp;&nbsp;&nbsp;&nbsp;&nbsp;&nbsp;&nbsp;&nbsp;&nbsp;&nbsp; Jean Pierre Mottier<\/p>\n<\/div>\n<\/div>\n\n\n\n<div class=\"wp-block-group is-content-justification-left is-layout-constrained wp-container-core-group-is-layout-12dd3699 wp-block-group-is-layout-constrained\">\n<p style=\"margin-right:var(--wp--preset--spacing--80);margin-left:var(--wp--preset--spacing--80);padding-right:0;padding-left:var(--wp--preset--spacing--60)\"><strong>Une \u00e9quipe \u00e0 votre \u00e9coute <\/strong><br><br>Yves Burdet<br><br>Beatriz Rodrigues<\/p>\n\n\n\n<p style=\"margin-right:var(--wp--preset--spacing--80);margin-left:var(--wp--preset--spacing--80);padding-right:0;padding-left:var(--wp--preset--spacing--60)\">Doriane Rosset<br><br>Elisa Buiret<\/p>\n\n\n\n<p style=\"margin-right:var(--wp--preset--spacing--80);margin-left:var(--wp--preset--spacing--80);padding-right:0;padding-left:var(--wp--preset--spacing--60)\">Cl\u00e9mentine Bielser<\/p>\n<\/div>\n<\/div>\n","protected":false},"excerpt":{"rendered":"<p>Yves Burdet est n\u00e9 le 4 septembre 1959. Il d\u00e9couvre la photographie \u00e0 l&rsquo;\u00e2ge de 10 ans gr\u00e2ce \u00e0 un petit Pocket Kodak. Fascin\u00e9 par la magie de l&rsquo;image inscrite avec la lumi\u00e8re, il veut en savoir plus, il veut progresser dans la connaissance de ce moyen d&rsquo;expression. Un jour, en fouillant \u00e0 la cave, [&hellip;]<\/p>\n","protected":false},"author":1,"featured_media":0,"parent":0,"menu_order":0,"comment_status":"closed","ping_status":"closed","template":"","meta":{"footnotes":""},"class_list":["post-10","page","type-page","status-publish","hentry"],"_links":{"self":[{"href":"https:\/\/www.photogare.ch\/index.php\/wp-json\/wp\/v2\/pages\/10","targetHints":{"allow":["GET"]}}],"collection":[{"href":"https:\/\/www.photogare.ch\/index.php\/wp-json\/wp\/v2\/pages"}],"about":[{"href":"https:\/\/www.photogare.ch\/index.php\/wp-json\/wp\/v2\/types\/page"}],"author":[{"embeddable":true,"href":"https:\/\/www.photogare.ch\/index.php\/wp-json\/wp\/v2\/users\/1"}],"replies":[{"embeddable":true,"href":"https:\/\/www.photogare.ch\/index.php\/wp-json\/wp\/v2\/comments?post=10"}],"version-history":[{"count":2,"href":"https:\/\/www.photogare.ch\/index.php\/wp-json\/wp\/v2\/pages\/10\/revisions"}],"predecessor-version":[{"id":792,"href":"https:\/\/www.photogare.ch\/index.php\/wp-json\/wp\/v2\/pages\/10\/revisions\/792"}],"wp:attachment":[{"href":"https:\/\/www.photogare.ch\/index.php\/wp-json\/wp\/v2\/media?parent=10"}],"curies":[{"name":"wp","href":"https:\/\/api.w.org\/{rel}","templated":true}]}}

<div class="wp-block-group alignfull is-layout-flow wp-block-group-is-layout-flow" style="margin-top:0;margin-bottom:0;padding-top:calc( 0.5 * var(--wp--style--root--padding-right, var(--wp--custom--gap--horizontal)));padding-right:var(--wp--style--root--padding-right, var(--wp--custom--gap--horizontal));padding-bottom:calc( 0.5 * var(--wp--style--root--padding-right, var(--wp--custom--gap--horizontal)));padding-left:var(--wp--style--root--padding-left, var(--wp--custom--gap--horizontal))">
<div class="wp-block-columns is-layout-flex wp-container-core-columns-is-layout-28f84493 wp-block-columns-is-layout-flex">
<div class="wp-block-column is-vertically-aligned-center has-small-font-size is-layout-flow wp-container-core-column-is-layout-1eb62351 wp-block-column-is-layout-flow" style="padding-right:var(--wp--preset--spacing--50);padding-left:var(--wp--preset--spacing--50);flex-basis:40%">
<figure class="wp-block-image aligncenter size-full"><img fetchpriority="high" decoding="async" width="1301" height="1963" src="https://www.photogare.ch/wp-content/uploads/2026/04/Yves-Burdet.png" alt="" class="wp-image-791" style="object-fit:cover" srcset="https://www.photogare.ch/wp-content/uploads/2026/04/Yves-Burdet.png 1301w, https://www.photogare.ch/wp-content/uploads/2026/04/Yves-Burdet-199x300.png 199w, https://www.photogare.ch/wp-content/uploads/2026/04/Yves-Burdet-679x1024.png 679w, https://www.photogare.ch/wp-content/uploads/2026/04/Yves-Burdet-768x1159.png 768w, https://www.photogare.ch/wp-content/uploads/2026/04/Yves-Burdet-1018x1536.png 1018w" sizes="(max-width: 1301px) 100vw, 1301px" /></figure>
</div>



<div class="wp-block-column is-vertically-aligned-top is-content-justification-left is-layout-constrained wp-container-core-column-is-layout-12dd3699 wp-block-column-is-layout-constrained" style="flex-basis:60%">
<p style="font-size:0.9rem">Yves Burdet est né le 4 septembre 1959.<br><br>Il découvre la photographie à l&rsquo;âge de 10 ans grâce à un petit Pocket Kodak. Fasciné par la magie de l&rsquo;image inscrite avec la lumière, il veut en savoir plus, il veut progresser dans la connaissance de ce moyen d&rsquo;expression. Un jour, en fouillant à la cave, il découvre un vieux Rolleiflex et un laboratoire noir-blanc que son père avait mis au rancart. Déjà bricoleur dans l&rsquo;âme, il récupère, dépoussière, remet en état tout ça et investi la salle de bains familiale pour développer ses photos. C&rsquo;est la naissance d&rsquo;une vocation et le début d&rsquo;une riche et longue carrière professionnelle. Quelques années plus tard, il rencontre le photographe Oscar Strimer, établi à la rue de la Gare, à Morges. C&rsquo;est lui qui expliquera à Yves toutes les ficelles du métier. A cette époque, on fabriquait soi-même son révélateur et son fixateur. Après quelques années de collaboration avec M. Strimer et une formation dans une école à Munich, Yves reprend l&rsquo;entreprise en 1982 qui s&rsquo;appellera désormais Photo Gare. Et voici plus de 40 ans qu&rsquo;il est LE photographe de Morges !<br><br>Il a bien sûr suivi l&rsquo;évolution des techniques et passé à la couleur argentique, puis aujourd&rsquo;hui au monde de l&rsquo;informatique, mais il lui arrive encore souvent de travailler avec les anciens procédés. Yves Burdet est aussi formateur et expert responsable aux examens de fin d&rsquo;apprentissage pour les spécialistes en photographie. Il est également chargé de cours Photoshop à l&rsquo;Ecole de photographie de Vevey.<br>Photographe pour le théâtre de Beausobre à Morges</p>



<p style="font-size:0.9rem">&nbsp;&nbsp;&nbsp;&nbsp;&nbsp;&nbsp;&nbsp;&nbsp;&nbsp;&nbsp;&nbsp;&nbsp;&nbsp;&nbsp;&nbsp;&nbsp;&nbsp;&nbsp;&nbsp;&nbsp;&nbsp;&nbsp;&nbsp;&nbsp;&nbsp;&nbsp;&nbsp;&nbsp;&nbsp;&nbsp;&nbsp;&nbsp;&nbsp;&nbsp;&nbsp;&nbsp;&nbsp;&nbsp;&nbsp;&nbsp;&nbsp;&nbsp;&nbsp;&nbsp;&nbsp;&nbsp;&nbsp;&nbsp;&nbsp;&nbsp;&nbsp;&nbsp;&nbsp;&nbsp;&nbsp;&nbsp;&nbsp;&nbsp;&nbsp;&nbsp;&nbsp;&nbsp;&nbsp;&nbsp;&nbsp;&nbsp;&nbsp;&nbsp;&nbsp;&nbsp;&nbsp;&nbsp;&nbsp;&nbsp;&nbsp;&nbsp;&nbsp;&nbsp;&nbsp;&nbsp;&nbsp;&nbsp;&nbsp; Jean Pierre Mottier</p>
</div>
</div>



<div class="wp-block-group is-content-justification-left is-layout-constrained wp-container-core-group-is-layout-12dd3699 wp-block-group-is-layout-constrained">
<p style="margin-right:var(--wp--preset--spacing--80);margin-left:var(--wp--preset--spacing--80);padding-right:0;padding-left:var(--wp--preset--spacing--60)"><strong>Une équipe à votre écoute </strong><br><br>Yves Burdet<br><br>Beatriz Rodrigues</p>



<p style="margin-right:var(--wp--preset--spacing--80);margin-left:var(--wp--preset--spacing--80);padding-right:0;padding-left:var(--wp--preset--spacing--60)">Doriane Rosset<br><br>Elisa Buiret</p>



<p style="margin-right:var(--wp--preset--spacing--80);margin-left:var(--wp--preset--spacing--80);padding-right:0;padding-left:var(--wp--preset--spacing--60)">Clémentine Bielser</p>
</div>
</div>

<p>Yves Burdet est né le 4 septembre 1959. Il découvre la photographie à l&rsquo;âge de 10 ans grâce à un petit Pocket Kodak. Fasciné par la magie de l&rsquo;image inscrite avec la lumière, il veut en savoir plus, il veut progresser dans la connaissance de ce moyen d&rsquo;expression. Un jour, en fouillant à la cave, [&hellip;]</p>
