{"id":180,"date":"2024-05-20T11:39:53","date_gmt":"2024-05-20T09:39:53","guid":{"rendered":"https:\/\/dorianerosset.wordpress.com\/?page_id=180"},"modified":"2026-04-29T14:15:41","modified_gmt":"2026-04-29T12:15:41","slug":"cours","status":"publish","type":"page","link":"https:\/\/www.photogare.ch\/index.php\/cours\/","title":{"rendered":"Cours"},"content":{"rendered":"\n<div class=\"wp-block-group alignfull is-content-justification-center is-layout-constrained wp-container-core-group-is-layout-df757ecc wp-block-group-is-layout-constrained\" style=\"margin-top:0;margin-bottom:0;padding-top:calc( 0.5 * var(--wp--style--root--padding-right, var(--wp--custom--gap--horizontal)));padding-right:var(--wp--style--root--padding-right, var(--wp--custom--gap--horizontal));padding-bottom:calc( 0.5 * var(--wp--style--root--padding-right, var(--wp--custom--gap--horizontal)));padding-left:var(--wp--style--root--padding-left, var(--wp--custom--gap--horizontal))\">\n<div style=\"height:calc( 0.25 * var(--wp--style--root--padding-right, var(--wp--custom--gap--horizontal)))\" aria-hidden=\"true\" class=\"wp-block-spacer\"><\/div>\n\n\n\n<div class=\"wp-block-columns alignfull is-layout-flex wp-container-core-columns-is-layout-28f84493 wp-block-columns-is-layout-flex\">\n<div class=\"wp-block-column is-content-justification-right is-layout-constrained wp-container-core-column-is-layout-d0fa067b wp-block-column-is-layout-constrained\" style=\"padding-right:0;padding-left:0rem;flex-basis:55%\">\n<div class=\"wp-block-group is-vertical is-layout-flex wp-container-core-group-is-layout-fe9cc265 wp-block-group-is-layout-flex\">\n<p class=\"has-small-font-size\" id=\"u316-3\">Il a \u00e9t\u00e9 con\u00e7u dans le but de donner des cours photographiques \u00e0 toutes les personnes que la photographie intrigue, \u00e0 ceux qui d\u00e9sirent en apprendre plus, se perfectionner ou simplement d\u00e9couvrir la photographie.<\/p>\n\n\n\n<p class=\"has-small-font-size\" id=\"u316-6\">Nous disposons \u00e0 ce jour de l&rsquo;infrastructure n\u00e9cessaire \u00e0 l&rsquo;accueil de six \u00e9l\u00e8ves maximum, que ce soit pour le laboratoire ou la retouche num\u00e9rique.&nbsp; Ce nombre relativement restreint nous permet de dispenser la meilleure des formations et la meilleure \u00e9coute qu&rsquo;il soit. Ainsi, nous avons la possibilit\u00e9 de donner un cours plus personnalis\u00e9, selon les attentes et les envies de chacun<\/p>\n<\/div>\n\n\n\n<div style=\"height:56px\" aria-hidden=\"true\" class=\"wp-block-spacer\"><\/div>\n\n\n\n<div class=\"wp-block-group is-vertical is-layout-flex wp-container-core-group-is-layout-fe9cc265 wp-block-group-is-layout-flex\">\n<h3 class=\"wp-block-heading has-medium-font-size\">Nous avons cr\u00e9e deux cours diff\u00e9rents :<\/h3>\n\n\n\n<p class=\"has-small-font-size\">Un cours argentique et un cours num\u00e9rique . Chacun d&rsquo;eux est enseign\u00e9&nbsp; sur huit heures (quatre s\u00e9ances de deux heures).Le tarif est fix\u00e9 \u00e0 250.&#8211; comprend l&rsquo;ensemble des frais, y compris le mat\u00e9riel utilis\u00e9 pour la r\u00e9alisation de vos tirages<\/p>\n\n\n\n<p class=\"has-small-font-size\">Et nous avons aussi un cours de 4 heures uniquement sur le maniement de votre appareil. Le tarif est fix\u00e9 \u00e0 150.&#8211;<\/p>\n<\/div>\n\n\n\n<div style=\"height:56px\" aria-hidden=\"true\" class=\"wp-block-spacer\"><\/div>\n\n\n\n<div class=\"wp-block-group is-vertical is-layout-flex wp-container-core-group-is-layout-fe9cc265 wp-block-group-is-layout-flex\">\n<h3 class=\"wp-block-heading has-medium-font-size\">Cours de photo de nuit<\/h3>\n\n\n\n<p class=\"has-small-font-size\">Le temps d\u2019un stage d\u00e9couverte de 2h, guid\u00e9 par un photographe, vous d\u00e9couvrirez des techniques de prises de vue adapt\u00e9es \u00e0 la nuit. La magie de la photographie y est r\u00e9v\u00e9l\u00e9e. La ville, propice \u00e0 la photo de nuit, offre de multiples facettes, transformant l\u2019instant en un enchantement. Avec les lumi\u00e8res de la ville, vous profiterez du savoir-faire d&rsquo;un photographe accompagnateur. Il vous montrera comment utiliser au mieux les possibilit\u00e9s votre appareil reflex num\u00e9rique, r\u00e9gler la balance des blancs, produire des effets de fil\u00e9 sur vos photos&#8230;Vous apprendrez et vous vous perfectionnerez aux techniques de prises de vue, compl\u00e9t\u00e9es par une approche de la construction de l\u2019image.<\/p>\n<\/div>\n<\/div>\n\n\n\n<div class=\"wp-block-column is-vertically-aligned-top is-layout-flow wp-container-core-column-is-layout-92c44e9e wp-block-column-is-layout-flow\" style=\"padding-top:0;padding-bottom:0;flex-basis:40%\">\n<figure class=\"wp-block-image aligncenter size-large is-resized\"><img fetchpriority=\"high\" decoding=\"async\" width=\"355\" height=\"222\" src=\"https:\/\/www.photogare.ch\/wp-content\/uploads\/2024\/05\/img_3315.jpg\" alt=\"\" class=\"wp-image-186\" style=\"width:350px\" srcset=\"https:\/\/www.photogare.ch\/wp-content\/uploads\/2024\/05\/img_3315.jpg 355w, https:\/\/www.photogare.ch\/wp-content\/uploads\/2024\/05\/img_3315-300x188.jpg 300w\" sizes=\"(max-width: 355px) 100vw, 355px\" \/><\/figure>\n\n\n\n<div style=\"height:80px\" aria-hidden=\"true\" class=\"wp-block-spacer\"><\/div>\n\n\n\n<figure class=\"wp-block-image aligncenter size-large is-resized\"><img decoding=\"async\" width=\"1024\" height=\"683\" src=\"https:\/\/www.photogare.ch\/wp-content\/uploads\/2024\/05\/img_7077-1024x683.jpg\" alt=\"\" class=\"wp-image-192\" style=\"width:350px\" srcset=\"https:\/\/www.photogare.ch\/wp-content\/uploads\/2024\/05\/img_7077-1024x683.jpg 1024w, https:\/\/www.photogare.ch\/wp-content\/uploads\/2024\/05\/img_7077-300x200.jpg 300w, https:\/\/www.photogare.ch\/wp-content\/uploads\/2024\/05\/img_7077-768x512.jpg 768w, https:\/\/www.photogare.ch\/wp-content\/uploads\/2024\/05\/img_7077-1536x1024.jpg 1536w, https:\/\/www.photogare.ch\/wp-content\/uploads\/2024\/05\/img_7077-2048x1365.jpg 2048w\" sizes=\"(max-width: 1024px) 100vw, 1024px\" \/><\/figure>\n\n\n\n<div style=\"height:80px\" aria-hidden=\"true\" class=\"wp-block-spacer\"><\/div>\n\n\n\n<figure class=\"wp-block-image aligncenter size-large is-resized\"><img decoding=\"async\" width=\"1024\" height=\"682\" src=\"https:\/\/www.photogare.ch\/wp-content\/uploads\/2024\/05\/yves_burdet_0604-1024x682.jpg\" alt=\"\" class=\"wp-image-200\" style=\"width:350px\" srcset=\"https:\/\/www.photogare.ch\/wp-content\/uploads\/2024\/05\/yves_burdet_0604-1024x682.jpg 1024w, https:\/\/www.photogare.ch\/wp-content\/uploads\/2024\/05\/yves_burdet_0604-300x200.jpg 300w, https:\/\/www.photogare.ch\/wp-content\/uploads\/2024\/05\/yves_burdet_0604-768x511.jpg 768w, https:\/\/www.photogare.ch\/wp-content\/uploads\/2024\/05\/yves_burdet_0604-1536x1022.jpg 1536w, https:\/\/www.photogare.ch\/wp-content\/uploads\/2024\/05\/yves_burdet_0604-2048x1363.jpg 2048w\" sizes=\"(max-width: 1024px) 100vw, 1024px\" \/><\/figure>\n<\/div>\n<\/div>\n\n\n\n<div style=\"height:calc( 0.25 * var(--wp--style--root--padding-right, var(--wp--custom--gap--horizontal)))\" aria-hidden=\"true\" class=\"wp-block-spacer\"><\/div>\n<\/div>\n","protected":false},"excerpt":{"rendered":"<p>Il a \u00e9t\u00e9 con\u00e7u dans le but de donner des cours photographiques \u00e0 toutes les personnes que la photographie intrigue, \u00e0 ceux qui d\u00e9sirent en apprendre plus, se perfectionner ou simplement d\u00e9couvrir la photographie. Nous disposons \u00e0 ce jour de l&rsquo;infrastructure n\u00e9cessaire \u00e0 l&rsquo;accueil de six \u00e9l\u00e8ves maximum, que ce soit pour le laboratoire ou [&hellip;]<\/p>\n","protected":false},"author":1,"featured_media":0,"parent":0,"menu_order":0,"comment_status":"closed","ping_status":"closed","template":"","meta":{"footnotes":""},"class_list":["post-180","page","type-page","status-publish","hentry"],"_links":{"self":[{"href":"https:\/\/www.photogare.ch\/index.php\/wp-json\/wp\/v2\/pages\/180","targetHints":{"allow":["GET"]}}],"collection":[{"href":"https:\/\/www.photogare.ch\/index.php\/wp-json\/wp\/v2\/pages"}],"about":[{"href":"https:\/\/www.photogare.ch\/index.php\/wp-json\/wp\/v2\/types\/page"}],"author":[{"embeddable":true,"href":"https:\/\/www.photogare.ch\/index.php\/wp-json\/wp\/v2\/users\/1"}],"replies":[{"embeddable":true,"href":"https:\/\/www.photogare.ch\/index.php\/wp-json\/wp\/v2\/comments?post=180"}],"version-history":[{"count":1,"href":"https:\/\/www.photogare.ch\/index.php\/wp-json\/wp\/v2\/pages\/180\/revisions"}],"predecessor-version":[{"id":793,"href":"https:\/\/www.photogare.ch\/index.php\/wp-json\/wp\/v2\/pages\/180\/revisions\/793"}],"wp:attachment":[{"href":"https:\/\/www.photogare.ch\/index.php\/wp-json\/wp\/v2\/media?parent=180"}],"curies":[{"name":"wp","href":"https:\/\/api.w.org\/{rel}","templated":true}]}}

<div class="wp-block-group alignfull is-content-justification-center is-layout-constrained wp-container-core-group-is-layout-df757ecc wp-block-group-is-layout-constrained" style="margin-top:0;margin-bottom:0;padding-top:calc( 0.5 * var(--wp--style--root--padding-right, var(--wp--custom--gap--horizontal)));padding-right:var(--wp--style--root--padding-right, var(--wp--custom--gap--horizontal));padding-bottom:calc( 0.5 * var(--wp--style--root--padding-right, var(--wp--custom--gap--horizontal)));padding-left:var(--wp--style--root--padding-left, var(--wp--custom--gap--horizontal))">
<div style="height:calc( 0.25 * var(--wp--style--root--padding-right, var(--wp--custom--gap--horizontal)))" aria-hidden="true" class="wp-block-spacer"></div>



<div class="wp-block-columns alignfull is-layout-flex wp-container-core-columns-is-layout-28f84493 wp-block-columns-is-layout-flex">
<div class="wp-block-column is-content-justification-right is-layout-constrained wp-container-core-column-is-layout-d0fa067b wp-block-column-is-layout-constrained" style="padding-right:0;padding-left:0rem;flex-basis:55%">
<div class="wp-block-group is-vertical is-layout-flex wp-container-core-group-is-layout-fe9cc265 wp-block-group-is-layout-flex">
<p class="has-small-font-size" id="u316-3">Il a été conçu dans le but de donner des cours photographiques à toutes les personnes que la photographie intrigue, à ceux qui désirent en apprendre plus, se perfectionner ou simplement découvrir la photographie.</p>



<p class="has-small-font-size" id="u316-6">Nous disposons à ce jour de l&rsquo;infrastructure nécessaire à l&rsquo;accueil de six élèves maximum, que ce soit pour le laboratoire ou la retouche numérique.&nbsp; Ce nombre relativement restreint nous permet de dispenser la meilleure des formations et la meilleure écoute qu&rsquo;il soit. Ainsi, nous avons la possibilité de donner un cours plus personnalisé, selon les attentes et les envies de chacun</p>
</div>



<div style="height:56px" aria-hidden="true" class="wp-block-spacer"></div>



<div class="wp-block-group is-vertical is-layout-flex wp-container-core-group-is-layout-fe9cc265 wp-block-group-is-layout-flex">
<h3 class="wp-block-heading has-medium-font-size">Nous avons crée deux cours différents :</h3>



<p class="has-small-font-size">Un cours argentique et un cours numérique . Chacun d&rsquo;eux est enseigné&nbsp; sur huit heures (quatre séances de deux heures).Le tarif est fixé à 250.&#8211; comprend l&rsquo;ensemble des frais, y compris le matériel utilisé pour la réalisation de vos tirages</p>



<p class="has-small-font-size">Et nous avons aussi un cours de 4 heures uniquement sur le maniement de votre appareil. Le tarif est fixé à 150.&#8211;</p>
</div>



<div style="height:56px" aria-hidden="true" class="wp-block-spacer"></div>



<div class="wp-block-group is-vertical is-layout-flex wp-container-core-group-is-layout-fe9cc265 wp-block-group-is-layout-flex">
<h3 class="wp-block-heading has-medium-font-size">Cours de photo de nuit</h3>



<p class="has-small-font-size">Le temps d’un stage découverte de 2h, guidé par un photographe, vous découvrirez des techniques de prises de vue adaptées à la nuit. La magie de la photographie y est révélée. La ville, propice à la photo de nuit, offre de multiples facettes, transformant l’instant en un enchantement. Avec les lumières de la ville, vous profiterez du savoir-faire d&rsquo;un photographe accompagnateur. Il vous montrera comment utiliser au mieux les possibilités votre appareil reflex numérique, régler la balance des blancs, produire des effets de filé sur vos photos&#8230;Vous apprendrez et vous vous perfectionnerez aux techniques de prises de vue, complétées par une approche de la construction de l’image.</p>
</div>
</div>



<div class="wp-block-column is-vertically-aligned-top is-layout-flow wp-container-core-column-is-layout-92c44e9e wp-block-column-is-layout-flow" style="padding-top:0;padding-bottom:0;flex-basis:40%">
<figure class="wp-block-image aligncenter size-large is-resized"><img fetchpriority="high" decoding="async" width="355" height="222" src="https://www.photogare.ch/wp-content/uploads/2024/05/img_3315.jpg" alt="" class="wp-image-186" style="width:350px" srcset="https://www.photogare.ch/wp-content/uploads/2024/05/img_3315.jpg 355w, https://www.photogare.ch/wp-content/uploads/2024/05/img_3315-300x188.jpg 300w" sizes="(max-width: 355px) 100vw, 355px" /></figure>



<div style="height:80px" aria-hidden="true" class="wp-block-spacer"></div>



<figure class="wp-block-image aligncenter size-large is-resized"><img decoding="async" width="1024" height="683" src="https://www.photogare.ch/wp-content/uploads/2024/05/img_7077-1024x683.jpg" alt="" class="wp-image-192" style="width:350px" srcset="https://www.photogare.ch/wp-content/uploads/2024/05/img_7077-1024x683.jpg 1024w, https://www.photogare.ch/wp-content/uploads/2024/05/img_7077-300x200.jpg 300w, https://www.photogare.ch/wp-content/uploads/2024/05/img_7077-768x512.jpg 768w, https://www.photogare.ch/wp-content/uploads/2024/05/img_7077-1536x1024.jpg 1536w, https://www.photogare.ch/wp-content/uploads/2024/05/img_7077-2048x1365.jpg 2048w" sizes="(max-width: 1024px) 100vw, 1024px" /></figure>



<div style="height:80px" aria-hidden="true" class="wp-block-spacer"></div>



<figure class="wp-block-image aligncenter size-large is-resized"><img decoding="async" width="1024" height="682" src="https://www.photogare.ch/wp-content/uploads/2024/05/yves_burdet_0604-1024x682.jpg" alt="" class="wp-image-200" style="width:350px" srcset="https://www.photogare.ch/wp-content/uploads/2024/05/yves_burdet_0604-1024x682.jpg 1024w, https://www.photogare.ch/wp-content/uploads/2024/05/yves_burdet_0604-300x200.jpg 300w, https://www.photogare.ch/wp-content/uploads/2024/05/yves_burdet_0604-768x511.jpg 768w, https://www.photogare.ch/wp-content/uploads/2024/05/yves_burdet_0604-1536x1022.jpg 1536w, https://www.photogare.ch/wp-content/uploads/2024/05/yves_burdet_0604-2048x1363.jpg 2048w" sizes="(max-width: 1024px) 100vw, 1024px" /></figure>
</div>
</div>



<div style="height:calc( 0.25 * var(--wp--style--root--padding-right, var(--wp--custom--gap--horizontal)))" aria-hidden="true" class="wp-block-spacer"></div>
</div>

<p>Il a été conçu dans le but de donner des cours photographiques à toutes les personnes que la photographie intrigue, à ceux qui désirent en apprendre plus, se perfectionner ou simplement découvrir la photographie. Nous disposons à ce jour de l&rsquo;infrastructure nécessaire à l&rsquo;accueil de six élèves maximum, que ce soit pour le laboratoire ou [&hellip;]</p>
